greatest common divisor of 1860242 and 34?
34
Calculate the highest common factor of 36 and 2121363.
9
Calculate the highest common factor of 103287 and 12.
3
Calculate the highest common factor of 22654 and 564.
94
Calculate the greatest common divisor of 312 and 768.
24
What is the greatest common factor of 24340 and 100?
20
Calculate the highest common factor of 2375 and 462125.
125
Calculate the highest common divisor of 2210 and 697476.
442
What is the highest common divisor of 7947 and 621?
9
Calculate the greatest common factor of 288 and 15616.
32
Calculate the greatest common factor of 315276 and 645.
129
Calculate the greatest common divisor of 7210 and 392.
14
Calculate the highest common divisor of 207 and 25645.
23
What is the highest common divisor of 356 and 1777508?
356
Calculate the greatest common divisor of 5952 and 38316.
372
Calculate the highest common factor of 279854 and 170.
34
What is the greatest common factor of 1183 and 58240?
91
Calculate the highest common divisor of 13089 and 3.
3
What is the highest common divisor of 312 and 39572?
52
What is the greatest common factor of 34 and 3357211?
17
Calculate the highest common divisor of 26 and 4482452.
26
Calculate the greatest common factor of 617229 and 45.
9
What is the highest common divisor of 115110 and 180?
90
What is the greatest common factor of 34 and 596360?
34
Calculate the greatest common factor of 308 and 3152996.
308
Calculate the greatest common divisor of 217155 and 1860.
465
What is the highest common divisor of 21 and 1713999?
21
What is the greatest common divisor of 334933 and 67?
67
Calculate the highest common factor of 14707 and 44.
11
What is the highest common factor of 14880 and 43896?
744
What is the highest common factor of 21131 and 136?
17
What is the greatest common divisor of 32 and 20568?
8
Calculate the highest common factor of 36850 and 5896.
1474
Calculate the greatest common factor of 703 and 323.
19
Calculate the greatest common factor of 102 and 85136.
34
Calculate the greatest common divisor of 1424682 and 2268.
378
Calculate the highest common factor of 100521 and 3285.
657
What is the greatest common divisor of 20 and 118460?
20
Calculate the highest common divisor of 361 and 47.
1
What is the highest common divisor of 664332 and 4980?
996
What is the greatest common divisor of 352202 and 458?
458
Calculate the greatest common divisor of 980 and 9604.
196
What is the highest common factor of 2336 and 72?
8
What is the greatest common factor of 828 and 90459?
207
Calculate the greatest common divisor of 524 and 130738.
262
Calculate the highest common divisor of 432 and 235548.
108
What is the highest common divisor of 985545 and 110?
55
What is the highest common factor of 101990 and 940?
470
Calculate the highest common factor of 148 and 9615412.
148
What is the highest common factor of 5292 and 420?
84
What is the highest common factor of 456 and 629128?
152
Calculate the highest common divisor of 169 and 140608.
169
Calculate the greatest common divisor of 114 and 10203.
57
Calculate the greatest common factor of 527514 and 416.
26
What is the greatest common factor of 1686 and 624?
6
Calculate the highest common factor of 7 and 122948.
7
Calculate the greatest common divisor of 4880 and 1586.
122
Calculate the highest common factor of 5004 and 7704.
36
What is the greatest common divisor of 530266 and 22?
22
Calculate the highest common factor of 22638 and 148225.
539
Calculate the greatest common divisor of 534 and 24834.
6
What is the highest common divisor of 160 and 1156940?
20
Calculate the greatest common factor of 1683876 and 92.
92
What is the highest common factor of 386759 and 7929?
881
Calculate the greatest common divisor of 10585 and 1460.
365
Calculate the highest common divisor of 300 and 21100.
100
Calculate the greatest common divisor of 29 and 99412.
29
Calculate the greatest common divisor of 99 and 9625.
11
Calculate the greatest common divisor of 389400 and 4125.
825
Calculate the greatest common divisor of 1 and 141572.
1
What is the highest common divisor of 209922 and 3894?
354
Calculate the highest common factor of 24513 and 48.
3
What is the highest common divisor of 12303 and 138067?
1367
What is the highest common divisor of 10527115 and 206?
103
Calculate the greatest common factor of 208 and 10088.
104
Calculate the highest common factor of 681 and 231313.
227
What is the greatest common divisor of 12608 and 394?
394
Calculate the greatest common factor of 10777 and 520.
13
What is the greatest common divisor of 2340 and 1873404?
468
Calculate the highest common factor of 12 and 1061388.
12
What is the greatest common divisor of 29612 and 76?
4
What is the highest common factor of 4561704 and 5880?
1176
What is the highest common factor of 108 and 241326?
54
Calculate the greatest common factor of 33275 and 475.
25
Calculate the greatest common divisor of 5430544 and 56.
56
What is the greatest common factor of 16011 and 18?
9
Calculate the highest common divisor of 1213230 and 2442.
222
What is the greatest common factor of 239 and 19359?
239
What is the highest common factor of 1072724 and 6355?
1271
What is the highest common factor of 7261 and 20352?
53
What is the highest common factor of 1600 and 19840?
320
Calculate the highest common divisor of 654 and 173746.
218
What is the highest common divisor of 162 and 1711278?
18
What is the highest common factor of 5933 and 13262?
349
Calculate the highest common divisor of 22722 and 6678.
42
What is the highest common divisor of 164 and 36?
4
What is the greatest common factor of 572 and 177980?
44
Calculate the greatest common factor of 119968 and 874.
46
What is the greatest common factor of 357687 and 66?
33
Calculate the greatest common divisor of 1055205 and 3.
3
Calculate the highest common divisor of 126 and 1923894.
126
Calculate the highest common factor of 12874 and 1256.
314
What is the highest common factor of 3486 and 18?
6
What is the greatest common factor of 7248 and 54144?
48
Calculate the highest common factor of 110 and 2673.
11
What is the greatest common factor of 108866 and 29?
29
Calculate the greatest common factor of 96570 and 180.
90
Calculate the highest common divisor of 187115 and 5.
5
Calculate the greatest common factor of 29 and 1249697.
29
What is the highest common factor of 2 and 2351?
1
Calculate the greatest common factor of 86841 and 12.
3
What is the greatest common factor of 434 and 786842?
434
Calculate the greatest common divisor of 1400 and 16240.
280
Calculate the highest common divisor of 7462 and 206066.
574
Calculate the highest common factor of 512 and 976.
16
Calculate the highest common factor of 37024 and 20648.
712
Calculate the greatest common divisor of 852 and 581916.
852
Calculate the highest common divisor of 3366 and 5214.
66
What is the highest common factor of 1062 and 198948?
354
Calculate the greatest common factor of 10925 and 19.
19
What is the greatest common factor of 325 and 22126?
13
What is the highest common divisor of 18667 and 32243?
1697
Calculate the highest common divisor of 1809 and 81.
27
What is the highest common factor of 175564 and 4?
4
Calculate the greatest common factor of 19448 and 28696.
136
Calculate the highest common divisor of 3055 and 1050215.
235
Calculate the greatest common divisor of 5698752 and 2412.
804
Calculate the highest common factor of 1238 and 2.
2
What is the highest common divisor of 404 and 28078?
202
Calculate the greatest common factor of 32 and 13272.
8
Calculate the greatest common divisor of 15 and 140465.
5
What is the greatest common divisor of 42717 and 6?
3
Calculate the highest common factor of 101966 and 34.
34
What is the greatest common factor of 1066 and 6094855?
533
What is the greatest common divisor of 935 and 11968?
187
What is the greatest common factor of 732 and 61976?
244
What is the greatest common divisor of 5824 and 7868?
28
Calculate the highest common divisor of 10815 and 231235.
515
What is the greatest common divisor of 4266 and 4424?
158
Calculate the greatest common factor of 139562 and 1178.
62
Calculate the highest common divisor of 447565 and 10.
5
Calculate the greatest common divisor of 110 and 6